actor of p and g.
9
Let v be (11 + -9)/((-1)/(-2)). What is the highest common divisor of 10 and v?
2
Let b be 42 - (0 + 2) - 0. Suppose -4*d = d - 20. Suppose -t = -d - 1. Calculate the greatest common divisor of t and b.
5
Let n be 10/(-8) + 2 + 104/32. What is the highest common factor of 4 and n?
4
Suppose 2*v - 70 - 10 = 0. Let s = -11 + 21. What is the greatest common divisor of s and v?
10
Let v be 4/16*0 - -14. Suppose -2 = -4*o + v. What is the greatest common factor of 6 and o?
2
Let h(c) = c**2 - 5*c + 7. Let t be h(6). Suppose -5*w = y - 720, -296 = -2*w - 3*y + y. What is the greatest common factor of t and w?
13
Let l = 4 - 5. Let k be (6/(-3))/(l/14). Calculate the greatest common factor of k and 4.
4
Suppose -3*u + 97 = -71. Let o = -1 - -2. Let k be (10/4 + o)*2. What is the highest common divisor of k and u?
7
Let g be (-173)/(-3) - 8/12. Calculate the highest common factor of g and 19.
19
Let d be -2*((-4)/(-6) + (-49)/6). Calculate the highest common divisor of d and 75.
15
Let g(v) = v - 9. Let s be g(9). Suppose s*z - 24 = -3*z. Let a = 3 - -5. Calculate the greatest common divisor of z and a.
8
Let u(b) = b**3 + 8*b**2 + 6*b - 6. Let d be u(-7). Let l = -1 + d. Suppose l = -4*g + 8, 2*x - 3*g = g. Calculate the highest common factor of x and 44.
4
Let a(n) = 2*n**2 - n - 2. Let r be a(-2). Let j = r + -2. What is the highest common divisor of j and 9?
3
Let u = 0 + 18. What is the greatest common divisor of u and 162?
18
Let r(a) = -a**2 - 32*a - 55. Let b be r(-25). What is the greatest common factor of 10 and b?
10
Let a be (-18)/(-45)*(-20)/(-1). Let z(r) = r**2 - 6*r + 2. Let q be z(a). What is the greatest common factor of q and 2?
2
Suppose -3*q - 132 = -3*k, 3*k = 5*k - 3*q - 87. Calculate the highest common factor of 30 and k.
15
Let o = -3 + 7. Suppose -a = c + 2 + 4, 0 = c - a - 4. Let z be (19 - (-2)/c) + -1. What is the greatest common factor of z and o?
4
Let i = -22 + 38. Calculate the greatest common factor of i and 176.
16
Let g = 1 + -7. Let k be ((-9)/g)/((-1)/(-12)). What is the greatest common divisor of k and 6?
6
Let h(f) = 5*f**2 + 9*f + 30. Let c be h(-6). What is the highest common divisor of c and 12?
12
Let i(j) = -3*j**3 - 2*j**2 + 2*j + 2. Let f be i(-2). Suppose 3*o - 5*o - 36 = 0. Let b = -4 - o. Calculate the highest common divisor of f and b.
14
Let o be 2 + (-434)/(-10) + (-4)/10. Calculate the greatest common divisor of o and 30.
15
Let c(q) = 3*q**2 - 1. Let z be c(-1). Suppose -2*w + 3*x = 3*w - 364, -w = -5*x - 64. Suppose 3*g = w - 26. What is the greatest common factor of z and g?
2
Suppose 0*t = -3*t - 12. Let v be ((-6)/15)/(t/180). What is the highest common factor of 27 and v?
9
Let y be (-2)/2*2 + 175. Suppose 5*u - y - 127 = 0. Calculate the highest common divisor of 12 and u.
12
Let j = -181 + 411. Let w = j - 98. Let n(m) = 2*m**3 - 2*m**2 + m + 2. Let u be n(2). What is the highest common factor of u and w?
12
Let x(r) be the second derivative of r**5/20 + 5*r**4/12 - 7*r**3/6 - 3*r. Let h be x(-6). Calculate the greatest common factor of 18 and h.
6
Suppose -o + 3*q = -7, -2*q + 19 = 5*o - q. Suppose 4*h - 24 = -o*g, 0 = 2*g - 5*g + 4*h + 53. Let a = g + 5. Calculate the greatest common factor of 128 and a.
16
Let a = -4 - -7. Suppose -2*r - y = -a + 1, 17 = 3*r - 2*y. Let v be (-4)/((-22)/6 + r). Calculate the highest common factor of 42 and v.
6
Let j = 9 - -7. Suppose 5*d - 5*w = -125, -2*d + 5*w - 27 = 38. Let s = j - d. Calculate the highest common divisor of 4 and s.
4
Suppose 0 = -g + 33 + 11. What is the highest common divisor of 8 and g?
4
Suppose -2 = u + u, 5*c + 5*u + 45 = 0. Let l(v) = -v**3 - 8*v**2 - 3*v - 12. Let p be l(c). What is the greatest common factor of p and 108?
12
Suppose 0 = -3*m + z + 15 + 33, -4*z = 2*m - 46. Calculate the highest common factor of m and 68.
17
Let d be 8/(-6)*9/(-6). Let y be -5*2/(-10)*d. Suppose -g = -4*g + 5*l + 140, -y = 2*l. What is the highest common factor of 9 and g?
9
Suppose a + 3*j - 3 = 0, 0*a = 2*a + 3*j - 6. Suppose -2*p = a*p - 220. Calculate the highest common divisor of 22 and p.
22
Let f(t) = -5*t - 11. Let v be f(-5). Calculate the greatest common factor of 21 and v.
7
Let a be (-4)/26 - 1765/(-65). Suppose -5*v + a = j, -j + 3*j + v = 27. What is the greatest common divisor of 30 and j?
6
Suppose -h + o + 1 + 6 = 0, -5*h - o + 35 = 0. Calculate the greatest common divisor of 63 and h.
7
Suppose 0 = -0*b - 4*b + 60. Suppose b*u = 13*u + 144. Calculate the greatest common divisor of u and 9.
9
Let n(x) = x**2 - 5*x - 4. Let o be n(5). Let w(b) = -b**3 - 4*b**2 - 3*b + 4. Let f be w(o). Let q = -27 + 51. Calculate the highest common factor of f and q.
8
Suppose 0 = -4*p + y - 3*y + 50, 4*p = 3*y + 45. Calculate the highest common divisor of p and 12.
12
Let l = -2 + 6. Let p(c) = -l*c + 3*c + 1 + 0. Let j be p(-3). What is the highest common divisor of j and 4?
4
Suppose -m + 18 = 2*m + 3*c, -4*m + 6 = -2*c. Suppose -4*s + m = 3*w, -3*w - 2*s + 3*s = -3. Calculate the greatest common factor of w and 1.
1
Let g be 1 - (-87 + -1 - -4). What is the greatest common divisor of g and 17?
17
Let h be (0*(-3)/(-3))/(-2). Suppose -16 = -4*a, h*r - 182 = -2*r + 4*a. Calculate the greatest common divisor of r and 9.
9
Let h be (1 - -1)*58/(-4). Let o = h - -20. Let c be (-20)/2*o/3. Calculate the greatest common factor of 6 and c.
6
Suppose -g + 0 = -4. Suppose g*b = 74 - 2. Calculate the greatest common divisor of b and 144.
18
Let v be 10 - (4 + 2 + -2). Calculate the highest common factor of v and 54.
6
Let q(a) = -a**3 + 8*a**2 + 6*a - 11. Let j be q(8). Let c = -29 + j. What is the greatest common divisor of c and 64?
8
Let s(v) = -10*v - 12. Let a be s(-3). What is the greatest common factor of 6 and a?
6
Let g = 10 - 1. What is the greatest common factor of 3 and g?
3
Let h = -12 + 52. What is the highest common divisor of h and 10?
10
Suppose 24 - 62 = 2*z. Let g = -13 - z. Calculate the greatest common divisor of g and 54.
6
Let x = -10 + 61. Suppose -2*b = u - 16 + 1, -3*u + 56 = -5*b. What is the highest common factor of x and u?
17
Suppose r = 2*r - 30. Let x = 24 + -9. Calculate the highest common factor of r and x.
15
Let r(w) = -w + 7. Let x be r(3). Let g(m) = 23*m - 8. Let q be g(x). What is the greatest common factor of q and 14?
14
Suppose -5 = 2*z - 41. Let f(g) = -3*g - 1. Let x be f(-1). Suppose 0 = x*p - h - 147, -h - 2*h = 4*p - 279. Calculate the greatest common divisor of z and p.
18
Suppose -14 = 2*z - z + 5*x, -3*z = 5*x + 32. Let a be 0 - z - (4 + -3). Calculate the highest common factor of 4 and a.
4
Suppose 0 = 5*f - 3*g - 14, -6*f + 2*f = -2*g - 10. Let d be (552/(-1242))/(1 - (-22)/(-18)). Calculate the greatest common factor of f and d.
1
Suppose -87*y - 30 = -3*c - 84*y, y = -2*c + 11. Let s(j) = j - 7. Let h be s(0). Let x = h - -14. What is the greatest common factor of c and x?
7
Let v = 89 - 55. What is the highest common divisor of v and 17?
17
Suppose -110*s + 105*s + 100 = 0. What is the highest common divisor of s and 140?
20
Let q(h) = h**3 - 3*h**2 + 1. Let k be q(3). What is the greatest common factor of k and 7?
1
Suppose 0 = -3*v + 146 + 4. Let y(m) = -4*m - 6. Let c = 10 + -14. Let b be y(c). Calculate the highest common factor of b and v.
10
Let j be 1 + (-2)/1 + 8. Let y be 138/j - (-4)/14. What is the greatest common factor of 60 and y?
20
Let z(b) be the third derivative of b**6/120 + b**4/12 - 3*b**3/2 + 5*b**2. Let q be z(5). What is the greatest common divisor of q and 14?
14
Suppose 4*j - 4 = 4. Let n(a) = -a + 4. Let t be n(j). What is the highest common divisor of t and 1?
1
Let x = 16 - 13. Suppose 4*h - 8 = 2*o - o, 3*h = -2*o - 5. What is the greatest common divisor of h and x?
1
Suppose 4*j - 3*t = j + 108, -4*t + 144 = 5*j. Suppose 5*c - j = 13. What is the highest common divisor of 9 and c?
9
Suppose -k - 2*k = -69. Suppose -3*p + 13 + 0 = i, -p + k = 5*i. Let b = 2 + i. Calculate the highest common divisor of b and 54.
6
Let y(g) = g**3 + 11*g**2 + 8*g - 9. Let d be y(-10). What is the greatest common divisor of 33 and d?
11
Suppose b - 59 + 14 = 0. What is the highest common factor of b and 5?
5
Let o be ((-10)/(-15))/(2/1302). Suppose 5*x - 4*v - o